{"id":128,"date":"2023-10-17T18:18:53","date_gmt":"2023-10-17T18:18:53","guid":{"rendered":"https:\/\/ibdienstleistungen.de\/?page_id=128"},"modified":"2023-10-17T18:18:53","modified_gmt":"2023-10-17T18:18:53","slug":"datenschutzerklaerung","status":"publish","type":"page","link":"https:\/\/ibdienstleistungen.de\/?page_id=128","title":{"rendered":"Datenschutzerkl\u00e4rung"},"content":{"rendered":"\n<p><strong>1. Wer ist f\u00fcr die Datenverarbeitung verantwortlich:<\/strong><\/p>\n\n\n\n<p>IB Dienstleistungen<br>Michael Wissenbach<br>Eddersheimer Stra\u00dfe 37A<br>65439 Fl\u00f6rsheim am Main<br>Phone\u00a0\u00a0\u00a0 06145 5039 809<br>E-Mail\u00a0\u00a0 info(a)immobilien-wissenbach.de<br><\/p>\n\n\n\n<p><strong>2. Wer ist f\u00fcr den Datenschutz zust\u00e4ndig?<\/strong><\/p>\n\n\n\n<p>IB Dienstleistungen<br>Michael Wissenbach<br>Eddersheimer Stra\u00dfe 37A<br>65439 Fl\u00f6rsheim am Main<br>Phone\u00a0\u00a0\u00a0 06145 5039 809<br>E-Mail\u00a0\u00a0 info(a)immobilien-wissenbach.de<br><\/p>\n\n\n\n<p><strong>3. Zu welchem Zweck verarbeiten wir Ihre Daten und auf welcher Rechtsgrundlage:<\/strong><\/p>\n\n\n\n<p>Wir verarbeiten Ihre Daten auf der Grundlage der Europ\u00e4ischen Datenschutzgrundverordnung nachfolgend DS-GVO genannt und dem Datenschutzgesetz:<\/p>\n\n\n\n<ol class=\"wp-block-list\">\n<li><strong>Zur Erf\u00fcllung vertraglicher Pflichten:<\/strong>&nbsp;Wir verarbeiten Ihre Daten auf der Grundlage von Art. 6 Abs. 1 b der Europ\u00e4ischen Grundschutzverordnung (DS-GVO), wenn Sie uns beauftragen, Leistungen f\u00fcr Sie zu erbringen.<br>&nbsp;<\/li>\n\n\n\n<li><strong>Im Rahmen einer Interessenabw\u00e4gung:<\/strong>\u00a0Soweit es in einer Interessenabw\u00e4gung zur Wahrung berechtigter Interessen nach Art 6 Abs 1 f DS-GVO erforderlich ist, verarbeiten wir Ihre Daten auch, um jenseits der Erf\u00fcllung von Vertr\u00e4gen u.a.\n<ul class=\"wp-block-list\">\n<li>mit Ihnen in Kontakt zu treten<\/li>\n\n\n\n<li>Werbung oder Marktforschung, soweit Sie nicht dieser Nutzung Ihrer Daten hierf\u00fcr nicht widersprochen haben,<\/li>\n\n\n\n<li>Im Einzelfall unsere Anspr\u00fcche rechtlich verteidigen zu k\u00f6nnen<\/li>\n\n\n\n<li>unsere Verfahren zur Analyse unserer Kundenbedarfe zu verbessern, um eine zielgerichtete Ansprache zu erm\u00f6glichen\u00a0<\/li>\n\n\n\n<li>Gew\u00e4hrleistung der IT-Sicherheit f\u00fcr Kunden und uns<br>\u00a0<\/li>\n<\/ul>\n<\/li>\n<\/ol>\n\n\n\n<ol class=\"wp-block-list\" start=\"3\">\n<li><strong>Auf der Grundlage einer Einwilligung<\/strong>\u00a0nach Art 6 Abs. 1 a DS-GVO\u00a0<strong>und Widerruf<\/strong>: Wir verarbeiten Ihre personenbezogenen Daten auch, soweit Sie uns dazu Einwilligung zu bestimmten Zwecken (z.B. Aufzeigen geeigneter Objekte) erteilt haben. Selbstverst\u00e4ndlich k\u00f6nnen Sie Ihre\u00a0<strong>Einwilligung jederzeit<\/strong>\u00a0per Email an info@ibdienstleistungen.de\u00a0<strong>widerrufen<\/strong>. Bitte beachten Sie, dass aufgrund gesetzlicher Vorgaben ein Widerruf nur f\u00fcr die Zukunft gilt und die bisherige Verarbeitung unber\u00fchrt l\u00e4sst.<\/li>\n<\/ol>\n\n\n\n<p><strong>4.&nbsp;&nbsp;&nbsp; Wer erh\u00e4lt meine Daten:<\/strong><\/p>\n\n\n\n<p>Grunds\u00e4tzlich geben wir keine uns \u00fcberlassen Informationen an Dritte weiter, es sei denn, wir setzen f\u00fcr die Erbringung bestimmter Leistungen Dienstleister ein, die jedoch vertraglich auf die Einhaltung der gesetzlichen Datenschutzverpflichtungen in gleichem Ma\u00df verpflichtet sind wie wir selbst oder wenn wir\u00a0<strong>in Ihrem Auftrag<\/strong>\u00a0Ihre Informationen an den Vertragspartner \u00fcbermitteln.<br><\/p>\n\n\n\n<p><strong>5. Bin ich verpflichtet, Ihnen meine Daten zu \u00fcberlassen:<\/strong><\/p>\n\n\n\n<p>Selbstverst\u00e4ndlich sind Sie zur \u00dcberlassung dieser Daten nicht verpflichtet, jedoch k\u00f6nnen wir ohne Ihre Angaben weder Ihre Auftr\u00e4ge ausf\u00fchren noch Vertr\u00e4ge durchf\u00fchren.<br>Wenn Sie gesondert um Ihre Einwilligung in die Verarbeitung Ihrer Daten zu \u00fcbe den Vertragszweck hinausgehenden Zwecken gebeten werden, so ist die Einwilligung jedoch keine Voraussetzung f\u00fcr die Durchf\u00fchrung des Vertrages.<br><\/p>\n\n\n\n<p><strong>6. Wie lange werden die Daten bei uns vorgehalten:<\/strong><\/p>\n\n\n\n<p>Wir verarbeiten und speichern Ihre Daten bis zur umfassenden Erledigung Ihres Auftrages, in jedem Fall f\u00fcr eine Dauer von drei Monaten ab Ihrer letzten Aktivit\u00e4t. Sollte das Gesetz eine l\u00e4ngere Archivierung erfordern, so halten wir Ihre Daten gem\u00e4\u00df den gesetzlichen Vorgaben vor.<br><\/p>\n\n\n\n<p><strong>7. Welche Datenschutzrechte habe ich:<\/strong><\/p>\n\n\n\n<p>\u00dcber Ihre bei uns gespeicherten Daten erteilen wir auf Ihre Anfrage hin gerne Auskunft. Dabei k\u00f6nnen Sie uns auf unrichtige Daten hinweisen und eine Korrektur anfordern. Zudem steht es Ihnen frei, auch die L\u00f6schung aller Daten zu verlangen. Weiterhin haben Sie die M\u00f6glichkeit, der Verarbeitung Ihrer Daten ganz oder eingeschr\u00e4nkt zu widersprechen und schlie\u00dflich haben Sie das Recht, sich Ihre Daten \u00fcbertragen zu lassen.<br><\/p>\n\n\n\n<p><strong>8. Werden auf der Grundlage meiner Daten automatisierte Entscheidungen gem. Art. 22 DS-GVO getroffen:<\/strong><\/p>\n\n\n\n<p>F\u00fcr unsere Leistungen setzen wir grunds\u00e4tzlich keine vollautomatisierten Entscheidungsabl\u00e4ufe ein. Sollten diese in einzelnen Gesch\u00e4ftsvorf\u00e4llen einsetzen, informieren wir Sie hier\u00fcber gesondert.<br><\/p>\n\n\n\n<p><strong>9. Profiling:<\/strong><\/p>\n\n\n\n<p>Teilweise analysieren wir personenbezogene Daten mit Hilfe von Auswertungsinstrumenten, um ausgew\u00e4hlte personenbezogene Aspekte bewerten und so unser Marketing besser auf relevante Zielgruppen ausrichten zu k\u00f6nnen.<br><\/p>\n\n\n\n<p><strong>11.0 Cookies<\/strong><\/p>\n\n\n\n<p>Wir verwenden auf dieser Webseite Cookies, um die Integrit\u00e4t des Bestell- und Registrierungsprozesses zu gew\u00e4hrleisten und die Webseite zu personalisieren. Ein Cookie ist eine kleine Textdatei, die von einem Webseitenserver auf Ihre Festplatte \u00fcbertragen wird. Cookies k\u00f6nnen nicht verwendet werden, um Programme zu starten oder Viren auf einen Computer zu \u00fcbertragen. Cookies werden ausschlie\u00dflich Ihnen zugewiesen und sie k\u00f6nnen nur von einem Webserver in der Dom\u00e4ne gelesen werden, der das Cookie an Sie ausgegeben hat.<br><br>Cookies dienen in erster Linie der Bequemlichkeit und helfen, Zeit zu sparen. Wenn Sie beispielsweise eine Webseite personalisieren oder innerhalb einer Webseite navigieren, unterst\u00fctzt das Cookie die Webseite dabei, sich an Ihre speziellen Informationen bei aufeinanderfolgenden Besuchen zu erinnern. Dadurch werden die Bereitstellung von f\u00fcr Sie relevanten Inhalten, die Navigation durch die Webseite und anderes mehr vereinfacht. Wenn Sie zu der Webseite zur\u00fcckkehren, k\u00f6nnen Ihre zuvor gelieferten Daten wieder abgerufen werden, so dass Sie m\u00fchelos die von Ihnen angepassten Funktionen der Webseite nutzen k\u00f6nnen.<br><br>Sie haben die M\u00f6glichkeit, Cookies anzunehmen oder Cookies abzulehnen. Die meisten Webbrowser nehmen Cookies automatisch an, aber Sie k\u00f6nnen normalerweise die Browsereinstellungen so \u00e4ndern, dass Cookies abgelehnt werden. Wenn Sie die Ablehnung von Cookies einstellen, k\u00f6nnen Sie die interaktiven Funktionen auf dieser oder auf anderen, von Ihnen besuchten Websites m\u00f6glicherweise nicht in vollem Umfang nutzen.<br><br><strong>11.1 Third Party Cookies<\/strong><br>Im Rahmen des Internetauftritts unter der Domain\u00a0www.bdienstleistungen\u00a0greift IB Dienstleistungen auf verschiedene Dienste von Drittfirmen zu.<br><br><strong>11.2 Web-Beacons<\/strong><br>Web-Beacons, auch als Leer-GIF-Technologie oder Action Tags bezeichnet, k\u00f6nnen verwendet werden, um die Ausgabe eines Cookies auf der Webseite zu unterst\u00fctzen. Diese Technologie erm\u00f6glicht es uns festzustellen, wie viele Besucher auf Schl\u00fcsselelemente (z. B. Links oder Grafiken) auf der Webseite geklickt haben. Wir verwenden diese Technologie nicht, um auf Ihre pers\u00f6nlichen Daten auf der Webseite zuzugreifen. Es handelt sich dabei um ein Werkzeug, das wir zur Erstellung zusammenfassender statistischer Daten zur Nutzung der Webseite einsetzen. Einige dieser Webbeacons werden u.U. von dritten Service Providern eingerichtet, um die Wirkung unserer Werbe- bzw. E-Mail-Aktionen zu pr\u00fcfen. Durch diese Webbeacons wird ein permanentes Cookie auf Ihrem Computer gespeichert. Ein Service Provider kann so jedes Mal Ihren Computer erkennen und anonyme Informationen in Bezug auf die aufgerufenen Seiten sammeln, wenn Sie bestimmte Webseiten besuchen oder E-Mails aufrufen.<br><br><strong>11.3.1 Verwendung von Facebook Social Plugins auf\u00a0<\/strong>www.ibdienstleistungen.de<strong>\u00a0\u00a0<\/strong><br>Im Rahmen des Internetauftritts von IB Dienstleistungen unter der www.ibdienstleistungen.de k\u00f6nnen sogenannte Social Plugins (\u201cPlugins\u201d) des sozialen Netzwerkes facebook.com verwendet werden, welches von der Facebook Inc., 1601 S. California Ave, Palo Alto, CA 94304, USA betrieben wird (\u201cFacebook\u201d). Diese Plugins sind mit einem Facebook Logo gekennzeichnet. Wenn Sie den Internetauftritt von IB Dienstleistungen unter der Domain\u00a0www.ibdienstleistungen.de<strong> \u00a0<\/strong>aufrufen, kann Ihr Browser eine direkte Verbindung mit den Servern von Facebook aufbauen. Der Inhalt solcher Plugins wird von Facebook direkt an Ihren Browser \u00fcbermittelt und von diesem in die Webseite eingebunden. Durch die Einbindung solcher Plugins erh\u00e4lt Facebook die Information, dass Sie die entsprechende Seite des Internetauftritts von Immobilien Wissenbach aufgerufen haben. Sind Sie bei Facebook eingeloggt kann Facebook den Besuch Ihrem Facebook-Konto zuordnen. Bitte beachten Sie, dass ein Austausch dieser Information bereits mit dem Besuch unseres Internetauftritts unter der Domain www.ibdienstleistunden.de<strong>\u00a0\u00a0<\/strong>stattfinden kann, unabh\u00e4ngig davon, ob Sie mit diesen Plugins interagieren. Wenn Sie mit den Plugins interagieren, zum Beispiel den \u201cGef\u00e4llt mir\u201d Button bet\u00e4tigen, wird die entsprechende Information von Ihrem Browser direkt an Facebook \u00fcbermittelt und dort gespeichert. Zweck und Umfang der Datenerhebung und die weitere Verarbeitung und Nutzung der Daten durch Facebook sowie Ihre diesbez\u00fcglichen Rechte und Einstellungsm\u00f6glichkeiten zum Schutz Ihrer Privatsph\u00e4re entnehmen Sie bitte den Datenschutzhinweisen von Facebook (http:\/\/www.facebook.com\/policy.php). Wenn Sie nicht m\u00f6chten, dass Facebook \u00fcber unseren Internetauftritt Daten \u00fcber Sie sammelt, m\u00fcssen Sie sich vor Ihrem Besuch des Internetauftritts von Immobilien Wissenbach bei Facebook ausloggen.<br><br><strong>11.3.2 Verwendung von Google Services auf\u00a0<\/strong>\u00a0www.ibdienstleistungen.de<strong>\u00a0<\/strong><br>Im Rahmen des Internetauftritts von IBDienstleistungen.de unter der Domain www.ibdienstleistungen.dek\u00f6nnen sogenannte Google Services (Google Maps, Google Street-View, Google+, etc.), im folgenden genannt \u201eServices\u201c, des Internet-Anbieter google.com verwendet werden, welches von der Google Inc., 1600 Amphitheatre Parkway, Mountain View, CA 94043, USA betrieben wird (\u201cGoogle\u201d). Wenn Sie den Internetauftritt von IB Dienstleistungen unter der Domain\u00a0www.ibdienstleistungen.de<strong>\u00a0\u00a0<\/strong>aufrufen und die Services nutzen kann Ihr Browser eine direkte Verbindung mit den Servern von Google aufbauen. Durch die Nutzung der Services erh\u00e4lt Google die Information, dass Sie die entsprechende Seite des Internetauftritts von IB Dienstleistungen.de aufgerufen haben. Sind Sie bei Google+ in Ihrem Google-Konto eingeloggt kann Google+ den Besuch Ihrem Google-Konto zuordnen. Bitte beachten Sie, dass ein Austausch dieser Information bereits mit dem Besuch unseres Internetauftritts unter der Domain\u00a0www.ibdienstleistungen.de\u00a0stattfinden kann, unabh\u00e4ngig davon, ob Sie mit diesen Services interagieren. Wenn Sie mit den Services interagieren, wird die entsprechende Information von Ihrem Browser direkt an Google \u00fcbermittelt und dort gespeichert. Zweck und Umfang der Datenerhebung und die weitere Verarbeitung und Nutzung der Daten durch Google sowie Ihre diesbez\u00fcglichen Rechte und Einstellungsm\u00f6glichkeiten zum Schutz Ihrer Privatsph\u00e4re entnehmen Sie bitte den Datenschutzhinweisen von Google (http:\/\/www.google.com\/policies\/privacy).<br><br><strong>11.3.3 Verwendung von Google Analytics<\/strong><br>Diese Webseite benutzt Google Analytics, einen Webanalysedienst der Google Inc. (\u201eGoogle\u201c). Google Analytics verwendet sog. \u201eCookies\u201c, Textdateien, die auf Computer der Nutzer gespeichert werden und die eine Analyse der Benutzung der Website durch sie erm\u00f6glichen. Die durch den Cookie erzeugten Informationen \u00fcber Benutzung dieser Website durch die Nutzer werden in der Regel an einen Server von Google in den USA \u00fcbertragen und dort gespeichert. Auf dieser Webseite wurde die IP-Anonymisierung aktiviert, so dass die IP-Adresse der Nutzer von Google innerhalb von Mitgliedstaaten der Europ\u00e4ischen Union oder in anderen Vertragsstaaten des Abkommens \u00fcber den Europ\u00e4ischen Wirtschaftsraum zuvor gek\u00fcrzt wird. Nur in Ausnahmef\u00e4llen wird die volle IP-Adresse an einen Server von Google in den USA \u00fcbertragen und dort gek\u00fcrzt. Im Auftrag des Betreibers dieser Website wird Google diese Informationen benutzen, um die Nutzung der Website durch die Nutzer auszuwerten, um Reports \u00fcber die Websiteaktivit\u00e4ten zusammenzustellen und um weitere mit der Websitenutzung und der Internetnutzung verbundene Dienstleistungen gegen\u00fcber dem Websitebetreiber zu erbringen. Die im Rahmen von Google Analytics von Ihrem Browser \u00fcbermittelte IP-Adresse wird nicht mit anderen Daten von Google zusammengef\u00fchrt.<br><br>Sie k\u00f6nnen die Speicherung der Cookies durch eine entsprechende Einstellung Ihrer Browser-Software verhindern; dieses Angebot weist die Nutzer jedoch darauf hin, dass Sie in diesem Fall gegebenenfalls nicht s\u00e4mtliche Funktionen dieser Website vollumf\u00e4nglich werden nutzen k\u00f6nnen. Die Nutzer k\u00f6nnen dar\u00fcber hinaus die Erfassung der durch das Cookie erzeugten und auf ihre Nutzung der Website bezogenen Daten (inkl. Ihrer IP-Adresse) an Google sowie die Verarbeitung dieser Daten durch Google verhindern, indem sie das unter dem folgenden Link verf\u00fcgbare Browser-Plugin herunterladen und installieren. Der aktuelle Link ist: http:\/\/tools.google.com\/dlpage\/gaoptout?hl=de.<br><br>Cookies: Wenn Sie Google-Services aufrufen, sendet Google ein oder mehrere Cookies an Ihren Computer oder an das Ger\u00e4t, \u00fcber das Sie die Services aufrufen. Mithilfe von Cookies verbessert Google die Qualit\u00e4t der Services, indem Nutzereinstellungen gespeichert, Suchergebnisse und Anzeigenauswahl verbessert und Nutzertrends aufgezeichnet werden, beispielsweise auf welche Art die Nutzer suchen. Au\u00dferdem verwendet Google in seinen Werbeprogrammen Cookies, um Werbetreibende und Publisher bei der Schaltung und Verwaltung von Anzeigen im gesamten Web und auf Google-Services zu unterst\u00fctzen.<br><br>Protokolldaten: Wenn Sie \u00fcber einen Browser, eine Anwendung oder eine sonstige Client-Software auf Google-Services zugreifen, speichern unsere Server automatisch bestimmte Informationen. Diese Serverprotokolle k\u00f6nnen folgende Informationen enthalten: Ihre Webanfrage, Ihre Interaktion mit einem Service, Ihre IP-Adresse (Internet Protocol Adresse), den Browsertyp, die Sprache des Browsers, Datum und Zeitpunkt Ihrer Anfrage sowie ein oder mehrere Cookies, die Ihren Browser oder Ihr Konto eindeutig identifizieren.<br><br><strong>11.4 Datenschutz Online-Marktforschung und Verlosung<\/strong><br>IB Dienstleistungen verwendet die Dienste von Drittfirmen als Auftragsdatenverarbeiter f\u00fcr Kundenbefragungen. Die bei Online-Umfragen erfassten Daten dienen ausschlie\u00dflich Zwecken der Marktforschung und zur Benachrichtigung im Rahmen einer Verlosung. Die Daten werden im Rahmen einer Auftragsdatenverarbeitung erhoben und durch uns selbst ausgewertet. Eine Verwendung dieser Daten f\u00fcr Vertriebs- und Werbezwecke von Immoblien Wissenbach ist ausgeschlossen, sie werden auch nicht an Dritte weitergegeben. Die Teilnahme an Umfragen erfolgt freiwillig. Je nach Umfrage ist ggf. die Erhebung von personenbezogenen Daten erforderlich. Auch deren Angabe erfolgt immer auf freiwilliger Basis. Alle personenbezogenen Daten werden getrennt von denen aus der Umfrage erhoben und auch getrennt von diesen gespeichert. Eine Zuordnung der personenbezogenen Daten zu den Angaben aus den Umfragen ist nicht m\u00f6glich. Die Umfragen werden ausschlie\u00dflich in anonymisierter Form ausgewertet und pr\u00e4sentiert. Nach Abschluss der Auswertungen werden die personenbezogenen Daten vollst\u00e4ndig gel\u00f6scht. Sie dienen ausschlie\u00dflich der Marktforschung und werden weder f\u00fcr Werbezwecke verwendet noch an andere Personen oder Unternehmen weitergegeben. Immobilien Wissenbach legt gr\u00f6\u00dften Wert auf den Schutz der im Rahmen der Online-Marktforschung erhobenen Daten. Die Datenerhebung und -\u00fcbermittlung erfolgt \u00fcber eine gesicherte Internetverbindung (SSL-Verschl\u00fcsselung), so dass ein Zugriff auf diese Daten (z.B. Einsicht, Manipulation, Diebstahl) von Dritten nicht m\u00f6glich ist. Die Daten werden anschlie\u00dfend auf einem zugriffssicheren Server gespeichert, der gegen Manipulation und Missbrauch gesch\u00fctzt ist. F\u00fcr einige Befragungen ist die Einrichtung und Verwendung von Cookies auf Ihrem PC erforderlich. Diese Cookies dienen ausschlie\u00dflich dem Zweck, Mehrfachteilnahmen zu verhindern. Sie erfassen keine weitergehenden Daten und greifen nicht in das System des Benutzers ein. Sie sind berechtigt, Auskunft \u00fcber die Sie betreffenden Daten zu erhalten, diese einzusehen, zu ver\u00e4ndern oder zu l\u00f6schen. Sie k\u00f6nnen auch jederzeit Ihre Einwilligung f\u00fcr die Speicherung und Auswertung Ihrer Daten widerrufen.<\/p>\n\n\n\n<p>\u00a0<\/p>\n\n\n\n<p><strong>12. Bei Beschwerden d\u00fcrfen Sie sich jederzeit auch an die zust\u00e4ndige Datenschutzaufsicht wenden:<\/strong><\/p>\n\n\n\n<p>Der Hessische Beauftragte f\u00fcr Datenschutz und Informationsfreiheit<br>Postfach 3163<br>65021 Wiesbaden<br>E-Mail:\u00a0<a href=\"mailto:Poststelle@datenschutz.hessen.de\">Poststelle@datenschutz.hessen.de<\/a><br>Telefon: 0611 1408 &#8211; 0<br><br><strong>13.<\/strong><br>IB Dienstleistungen<br>Ein Unternehmen der IB Innovative Businessl\u00f6sungen e.K.<br>Postfach 1103<br>65439 Fl\u00f6rsheim am Main<\/p>\n","protected":false},"excerpt":{"rendered":"<p>1. Wer ist f\u00fcr die Datenverarbeitung verantwortlich: IB DienstleistungenMichael WissenbachEddersheimer Stra\u00dfe 37A65439 Fl\u00f6rsheim am MainPhone\u00a0\u00a0\u00a0 06145 5039 809E-Mail\u00a0\u00a0 info(a)immobilien-wissenbach.de 2. Wer ist f\u00fcr den Datenschutz zust\u00e4ndig? IB DienstleistungenMichael WissenbachEddersheimer Stra\u00dfe 37A65439 Fl\u00f6rsheim am MainPhone\u00a0\u00a0\u00a0 06145 5039 809E-Mail\u00a0\u00a0 info(a)immobilien-wissenbach.de 3. Zu welchem Zweck verarbeiten wir Ihre Daten und auf welcher Rechtsgrundlage: Wir verarbeiten Ihre Daten auf [&hellip;]<\/p>\n","protected":false},"author":1,"featured_media":0,"parent":0,"menu_order":0,"comment_status":"closed","ping_status":"closed","template":"","meta":{"_coblocks_attr":"","_coblocks_dimensions":"","_coblocks_responsive_height":"","_coblocks_accordion_ie_support":"","hide_page_title":"","footnotes":""},"class_list":["post-128","page","type-page","status-publish","hentry"],"_links":{"self":[{"href":"https:\/\/ibdienstleistungen.de\/index.php?rest_route=\/wp\/v2\/pages\/128","targetHints":{"allow":["GET"]}}],"collection":[{"href":"https:\/\/ibdienstleistungen.de\/index.php?rest_route=\/wp\/v2\/pages"}],"about":[{"href":"https:\/\/ibdienstleistungen.de\/index.php?rest_route=\/wp\/v2\/types\/page"}],"author":[{"embeddable":true,"href":"https:\/\/ibdienstleistungen.de\/index.php?rest_route=\/wp\/v2\/users\/1"}],"replies":[{"embeddable":true,"href":"https:\/\/ibdienstleistungen.de\/index.php?rest_route=%2Fwp%2Fv2%2Fcomments&post=128"}],"version-history":[{"count":1,"href":"https:\/\/ibdienstleistungen.de\/index.php?rest_route=\/wp\/v2\/pages\/128\/revisions"}],"predecessor-version":[{"id":129,"href":"https:\/\/ibdienstleistungen.de\/index.php?rest_route=\/wp\/v2\/pages\/128\/revisions\/129"}],"wp:attachment":[{"href":"https:\/\/ibdienstleistungen.de\/index.php?rest_route=%2Fwp%2Fv2%2Fmedia&parent=128"}],"curies":[{"name":"wp","href":"https:\/\/api.w.org\/{rel}","templated":true}]}}