{"id":105,"date":"2023-07-31T14:46:06","date_gmt":"2023-07-31T14:46:06","guid":{"rendered":"https:\/\/ibdienstleistungen.de\/?page_id=105"},"modified":"2023-07-31T14:51:56","modified_gmt":"2023-07-31T14:51:56","slug":"ib-dienstleistungen","status":"publish","type":"page","link":"https:\/\/ibdienstleistungen.de\/","title":{"rendered":"IB Dienstleistungen"},"content":{"rendered":"\n<h3 class=\"wp-block-heading\" style=\"font-size:34px\">Dienstleistungen im privaten Sektor<\/h3>\n\n\n\n<p class=\"has-medium-font-size\"><strong><br>Haushaltsaufl\u00f6sung, Entr\u00fcmplung &#8211; einfach gemacht<\/strong><\/p>\n\n\n\n<p>Wohin mit all&#8216; den Dingen, die sich noch im Haus oder der Wohnung befinden, das verkauft werden soll.<\/p>\n\n\n\n<p>Wir alle oder die meisten von uns haben einen kompletten Hausstand, sind modern eingerichtet bzw. f\u00fchlen sich in Ihrer Umgebung wohl. Zudem hat man nicht noch mehr Platz oder was man mitnimmt, bleibt anschlie\u00dfend jahrelang in Kisten verpackt auf dem Dachboden\/ Keller.<\/p>\n\n\n\n<p>Lassen Sie sich von uns beraten. Zu einem vereinbarten Festpreis l\u00f6sen wir den kompletten Hausstand auf und hinterlassen ein besenreines Haus oder Wohnung.&nbsp;<\/p>\n\n\n\n<p>Gegebenenfalls k\u00f6nnen wir auch helfen, das ein oder andere St\u00fcck zu ver\u00e4u\u00dfern.<\/p>\n\n\n\n<p>IB Dienstleistungen &#8211; Ein Unternehmen der IB Innovative Businessl\u00f6sungen e.K.<br><\/p>\n\n\n\n<p>Tel. 06145 5039 815<\/p>\n\n\n\n<p>E-Mail mw(at)ibdienstleistungen.de<\/p>\n\n\n\n<p><\/p>\n\n\n\n<p><\/p>\n\n\n\n<hr class=\"wp-block-separator has-alpha-channel-opacity\"\/>\n\n\n\n<p><\/p>\n\n\n\n<p>Immobilien Wissenbach &#8211; Gerne beraten wir Sie beim Verkauf Ihrer Immobilie oder Grundst\u00fcck.<\/p>\n\n\n\n<p>Mehr unter&nbsp;<a rel=\"noreferrer noopener\" href=\"http:\/\/www.immobilien-wissenbach.de\/\" target=\"_blank\">http:\/\/www.immobilien-wissenbach.de<\/a><\/p>\n\n\n\n<p><\/p>\n\n\n\n<p><\/p>\n\n\n\n<hr class=\"wp-block-separator has-alpha-channel-opacity\"\/>\n\n\n\n<h3 class=\"wp-block-heading\" style=\"font-size:34px\">Dienstleistungen im gesch\u00e4ftlichen Sektor<\/h3>\n\n\n\n<p class=\"has-medium-font-size\"><strong>Serviceleistungen, Dienste, Fahrten, diverse T\u00e4tigkeiten<\/strong><\/p>\n\n\n\n<p>&#8211; Beratung bei der Optimierung der Gesch\u00e4ftsstruktur.&nbsp;<\/p>\n\n\n\n<p>&#8211; Recherchearbeiten (Bsp. sie suchen das passende Dokumenten-Manangement-System DMS)<\/p>\n\n\n\n<p>&#8211; Telefondienste<\/p>\n\n\n\n<p>&#8211; Dienstg\u00e4nge<\/p>\n\n\n\n<p>&#8211; Fahrten zu Kunden<\/p>\n\n\n\n<p>&#8211; Kleine, schnelle Kurierdienste (Vito vorhanden)<\/p>\n\n\n\n<p>&#8211; Veranstaltungsmangement<\/p>\n\n\n\n<p>&#8211; Licht- und Tonanlagen<\/p>\n\n\n\n<p>&#8211; Videokonferenzen<\/p>\n\n\n\n<p>&#8211; Raummanagement<\/p>\n\n\n\n<p>&#8211; Einfache Installationen<\/p>\n\n\n\n<p>&#8211; Eventfotographie<\/p>\n\n\n\n<p>&#8211; Vermittlung von Gewerbeimmobilien<\/p>\n\n\n\n<p>IB Dienstleistungen &#8211; Ein Unternehmen der IB Innovative Businessl\u00f6sungen e.K.<br><\/p>\n\n\n\n<p>Tel. 06145 5039 815<\/p>\n\n\n\n<p>E-Mail mw(at)ibdienstleistungen.de<\/p>\n\n\n\n<div class=\"wp-block-columns alignwide is-layout-flex wp-container-core-columns-is-layout-9d6595d7 wp-block-columns-is-layout-flex\">\n<div class=\"wp-block-column is-layout-flow wp-block-column-is-layout-flow\">\n<h6 class=\"wp-block-heading\"><span style=\"color: var(--go-h6--color--text,var(--go-heading--color--text)); font-family: var(--go-heading--font-family); font-size: var(--go--type-scale-1); font-style: var(--go-heading--font-style,normal); font-weight: var(--go-heading--font-weight); letter-spacing: var(--go--letter-spacing,normal); background-color: var(--go--color--background,0,0,100%);\">Impressum<\/span><\/h6>\n\n\n\n<p>IB Dienstleistungen<br>Ein Unternehmen der IB Innovative Businessl\u00f6sungen e.K.<br>Eddersheimer Str. 37A<\/p>\n\n\n\n<p>65439 Fl\u00f6rsheim am Main<\/p>\n<\/div>\n\n\n\n<div class=\"wp-block-column is-layout-flow wp-block-column-is-layout-flow\">\n<h6 class=\"wp-block-heading\">Handelsregistereintrag<\/h6>\n\n\n\n<p><br>Amtgericht Wiesbaden &#8211; HRA 6846<br>Ust.-IdNr.: DE207041171<br>Inhaber: Michael Wissenbach<\/p>\n<\/div>\n<\/div>\n","protected":false},"excerpt":{"rendered":"<p>Dienstleistungen im privaten Sektor Haushaltsaufl\u00f6sung, Entr\u00fcmplung &#8211; einfach gemacht Wohin mit all&#8216; den Dingen, die sich noch im Haus oder der Wohnung befinden, das verkauft werden soll. Wir alle oder die meisten von uns haben einen kompletten Hausstand, sind modern eingerichtet bzw. f\u00fchlen sich in Ihrer Umgebung wohl. Zudem hat man nicht noch mehr Platz [&hellip;]<\/p>\n","protected":false},"author":1,"featured_media":0,"parent":0,"menu_order":0,"comment_status":"closed","ping_status":"closed","template":"","meta":{"_coblocks_attr":"","_coblocks_dimensions":"","_coblocks_responsive_height":"","_coblocks_accordion_ie_support":"","hide_page_title":"","footnotes":""},"class_list":["post-105","page","type-page","status-publish","hentry"],"_links":{"self":[{"href":"https:\/\/ibdienstleistungen.de\/index.php?rest_route=\/wp\/v2\/pages\/105","targetHints":{"allow":["GET"]}}],"collection":[{"href":"https:\/\/ibdienstleistungen.de\/index.php?rest_route=\/wp\/v2\/pages"}],"about":[{"href":"https:\/\/ibdienstleistungen.de\/index.php?rest_route=\/wp\/v2\/types\/page"}],"author":[{"embeddable":true,"href":"https:\/\/ibdienstleistungen.de\/index.php?rest_route=\/wp\/v2\/users\/1"}],"replies":[{"embeddable":true,"href":"https:\/\/ibdienstleistungen.de\/index.php?rest_route=%2Fwp%2Fv2%2Fcomments&post=105"}],"version-history":[{"count":4,"href":"https:\/\/ibdienstleistungen.de\/index.php?rest_route=\/wp\/v2\/pages\/105\/revisions"}],"predecessor-version":[{"id":110,"href":"https:\/\/ibdienstleistungen.de\/index.php?rest_route=\/wp\/v2\/pages\/105\/revisions\/110"}],"wp:attachment":[{"href":"https:\/\/ibdienstleistungen.de\/index.php?rest_route=%2Fwp%2Fv2%2Fmedia&parent=105"}],"curies":[{"name":"wp","href":"https:\/\/api.w.org\/{rel}","templated":true}]}}